and 156.
156
What is the highest common divisor of 76 and 19?
19
Calculate the greatest common divisor of 1265 and 1840.
115
Calculate the highest common divisor of 45648 and 54.
18
What is the greatest common divisor of 2204 and 228?
76
Calculate the highest common factor of 800 and 2720.
160
What is the highest common factor of 45549 and 241?
241
Calculate the highest common divisor of 270 and 234.
18
What is the highest common divisor of 164 and 4100?
164
Calculate the highest common factor of 22 and 275.
11
What is the greatest common divisor of 36 and 32?
4
What is the highest common divisor of 374 and 407?
11
What is the highest common factor of 848 and 689?
53
What is the greatest common divisor of 3 and 3?
3
Calculate the greatest common factor of 275 and 1045.
55
Calculate the greatest common factor of 137 and 548.
137
What is the highest common factor of 62 and 14849?
31
What is the highest common divisor of 24 and 88080?
24
Calculate the greatest common divisor of 2120 and 80.
40
Calculate the highest common divisor of 488 and 16.
8
What is the greatest common factor of 468 and 36?
36
Calculate the greatest common factor of 1022 and 70.
14
What is the highest common factor of 444 and 12?
12
Calculate the greatest common divisor of 378 and 210.
42
What is the greatest common divisor of 18240 and 190?
190
What is the greatest common divisor of 442 and 104?
26
What is the greatest common divisor of 210 and 150?
30
Calculate the greatest common factor of 66 and 7491.
33
Calculate the greatest common divisor of 11 and 253.
11
Calculate the greatest common factor of 66537 and 9.
9
What is the highest common factor of 798 and 304?
38
What is the highest common divisor of 11026 and 1192?
298
Calculate the highest common factor of 3 and 141.
3
Calculate the greatest common factor of 15 and 9.
3
Calculate the greatest common divisor of 13987 and 197.
197
Calculate the highest common factor of 28 and 3962.
14
Calculate the highest common divisor of 837 and 186.
93
Calculate the highest common factor of 20 and 405.
5
Calculate the highest common factor of 4947 and 388.
97
What is the greatest common factor of 178 and 6?
2
Calculate the highest common factor of 627 and 330.
33
Calculate the highest common divisor of 425 and 680.
85
What is the highest common factor of 274 and 22194?
274
What is the greatest common divisor of 12 and 1158?
6
What is the greatest common factor of 6 and 1434?
6
What is the highest common factor of 152 and 24?
8
What is the highest common factor of 87 and 4089?
87
Calculate the greatest common factor of 102 and 34.
34
What is the greatest common factor of 99 and 18?
9
What is the greatest common divisor of 36 and 148?
4
What is the greatest common factor of 186 and 62?
62
What is the greatest common divisor of 7938 and 36?
18
Calculate the greatest common divisor of 2208 and 16.
16
What is the greatest common divisor of 2 and 1753?
1
Calculate the greatest common factor of 624 and 48.
48
What is the greatest common divisor of 368 and 48?
16
Calculate the greatest common divisor of 7038 and 34.
34
What is the highest common factor of 15 and 2160?
15
What is the greatest common divisor of 288 and 27?
9
Calculate the highest common factor of 54 and 48.
6
Calculate the greatest common divisor of 12 and 7692.
12
What is the highest common divisor of 136 and 256?
8
What is the greatest common divisor of 6 and 1602?
6
What is the greatest common factor of 10 and 1306?
2
Calculate the highest common divisor of 168 and 264.
24
Calculate the greatest common factor of 42 and 112.
14
Calculate the greatest common divisor of 1350 and 1200.
150
Calculate the greatest common factor of 30 and 624.
6
Calculate the greatest common divisor of 36 and 324.
36
Calculate the highest common divisor of 328 and 4838.
82
What is the highest common factor of 3454 and 264?
22
What is the greatest common divisor of 72 and 504?
72
Calculate the greatest common divisor of 1958 and 66.
22
What is the highest common divisor of 81 and 675?
27
Calculate the greatest common divisor of 7 and 1036.
7
What is the highest common factor of 2244 and 759?
33
Calculate the greatest common factor of 9538 and 38.
38
Calculate the greatest common divisor of 20 and 64180.
20
What is the highest common factor of 3864 and 252?
84
Calculate the highest common divisor of 36 and 48.
12
Calculate the greatest common factor of 4028 and 114.
38
What is the highest common factor of 44 and 12?
4
Calculate the highest common divisor of 67 and 2479.
67
What is the highest common divisor of 432 and 1188?
108
What is the highest common factor of 1024 and 112?
16
What is the highest common divisor of 126 and 14?
14
Calculate the highest common divisor of 4 and 172.
4
What is the highest common factor of 35 and 203?
7
Calculate the greatest common factor of 4 and 11.
1
Calculate the greatest common factor of 12 and 4.
4
Calculate the highest common divisor of 18 and 1224.
18
What is the highest common factor of 143 and 1209?
13
Calculate the greatest common divisor of 320 and 760.
40
Calculate the highest common divisor of 1010 and 25.
5
Calculate the greatest common divisor of 5 and 22.
1
Calculate the highest common factor of 3262 and 56.
14
What is the greatest common divisor of 315 and 1935?
45
Calculate the highest common divisor of 3200 and 384.
128
What is the highest common factor of 44 and 1408?
44
What is the greatest common factor of 272 and 1377?
17
Calculate the highest common divisor of 529 and 23.
23
What is the highest common factor of 688 and 32?
16
What is the highest common divisor of 30 and 5235?
15
Calculate the highest common factor of 703 and 19.
19
What is the greatest common divisor of 13243 and 287?
41
Calculate the greatest common divisor of 3318 and 7.
7
What is the greatest common factor of 407 and 2553?
37
Calculate the greatest common factor of 1247 and 43.
43
Calculate the highest common factor of 21 and 22519.
7
What is the highest common divisor of 16 and 28?
4
What is the greatest common divisor of 400 and 75?
25
What is the greatest common factor of 1027 and 79?
79
Calculate the greatest common factor of 8 and 424.
8
Calculate the highest common factor of 145 and 261.
29
Calculate the highest common factor of 2072 and 35.
7
Calculate the greatest common factor of 4 and 50.
2
What is the greatest common divisor of 4 and 2112?
4
What is the greatest common factor of 68 and 4?
4
Calculate the greatest common divisor of 11 and 15.
1
Calculate the greatest common divisor of 12 and 16.
4
What is the highest common divisor of 1325 and 106?
53
Calculate the greatest common divisor of 385 and 110.
55
What is the highest common factor of 112 and 1253?
7
Calculate the highest common factor of 324 and 162.
162
What is the greatest common divisor of 480 and 8?
8
Calculate the greatest common divisor of 8 and 8.
8
Calculate the highest common divisor of 27 and 1809.
27
What is the greatest common factor of 470 and 30?
10
Calculate the greatest common divisor of 37 and 59533.
37
What is the greatest common factor of 83 and 14276?
83
Calculate the greatest common divisor of 5848 and 32.
8
What is the greatest common factor of 645 and 30?
15
Calculate the highest common factor of 2214 and 810.
54
What is the highest common divisor of 480 and 24?
24
Calculate the greatest common divisor of 23 and 29.
1
Calculate the highest common divisor of 48 and 1104.
48
What is the greatest common divisor of 40 and 11720?
40
What is the greatest common factor of 1079 and 664?
83
Calculate the greatest common factor of 15 and 26805.
15
What is the greatest common factor of 147 and 35?
7
Calculate the greatest common factor of 6 and 51.
3
What is the greatest common factor of 79156 and 308?
308
Calculate the highest common factor of 1053 and 117.
117
What is the highest common factor of 144 and 444?
12
What is the highest common divisor of 143 and 11?
11
Calculate the highest common divisor of 266 and 28.
14
What is the greatest common divisor of 198 and 117?
9
What is the highest common factor of 48 and 872?
8
Calculate the greatest common divisor of 68 and 72.
4
What is the highest common factor of 999 and 108?
27
Calculate the greatest common divisor of 1122 and 1428.
1